65?
263
Calculate the remainder when 4534585 is divided by 4534570.
15
What is the remainder when 1626041 is divided by 541834?
539
Calculate the remainder when 177620429 is divided by 258545.
14
Calculate the remainder when 1501320 is divided by 4757.
2865
What is the remainder when 431431 is divided by 39203?
198
What is the remainder when 180717 is divided by 62?
49
What is the remainder when 2413710 is divided by 311?
39
What is the remainder when 1060505 is divided by 176557?
1163
What is the remainder when 98590 is divided by 49225?
140
Calculate the remainder when 15818363 is divided by 335.
333
What is the remainder when 6113068 is divided by 16?
12
Calculate the remainder when 164196 is divided by 417.
315
Calculate the remainder when 93102544 is divided by 6.
4
What is the remainder when 2134253 is divided by 1480?
93
Calculate the remainder when 12538 is divided by 1200.
538
What is the remainder when 15149297 is divided by 329332?
25
What is the remainder when 711261 is divided by 10451?
593
Calculate the remainder when 7240684 is divided by 359.
13
What is the remainder when 12303 is divided by 2981?
379
Calculate the remainder when 12633 is divided by 12204.
429
What is the remainder when 157450 is divided by 39318?
178
Calculate the remainder when 1569052 is divided by 828.
820
What is the remainder when 1161 is divided by 175?
111
Calculate the remainder when 5951487 is divided by 6245.
2
Calculate the remainder when 15370902 is divided by 5123605.
87
Calculate the remainder when 2942689 is divided by 2942532.
157
Calculate the remainder when 113882 is divided by 113045.
837
Calculate the remainder when 15401757 is divided by 30.
27
What is the remainder when 15166856 is divided by 513?
11
What is the remainder when 4147792 is divided by 259236?
16
Calculate the remainder when 1991618 is divided by 623.
510
Calculate the remainder when 141499 is divided by 2299.
1260
Calculate the remainder when 352989 is divided by 10081.
154
Calculate the remainder when 11743 is divided by 633.
349
What is the remainder when 1490817 is divided by 59?
5
Calculate the remainder when 4464807 is divided by 764.
755
Calculate the remainder when 431546159 is divided by 143848717.
8
What is the remainder when 1074128 is divided by 214825?
3
What is the remainder when 30292 is divided by 3627?
1276
Calculate the remainder when 152370 is divided by 36759.
5334
Calculate the remainder when 5526981 is divided by 398.
353
Calculate the remainder when 3290174 is divided by 28121.
17
Calculate the remainder when 1148705 is divided by 1145785.
2920
Calculate the remainder when 50853 is divided by 16441.
1530
Calculate the remainder when 8005 is divided by 83.
37
Calculate the remainder when 9348109 is divided by 111287.
1
Calculate the remainder when 5968518 is divided by 2984242.
34
Calculate the remainder when 63032 is divided by 1072.
856
Calculate the remainder when 1291681 is divided by 156.
1
What is the remainder when 1009773 is divided by 504863?
47
Calculate the remainder when 359234 is divided by 7028.
806
Calculate the remainder when 30126810 is divided by 530.
20
Calculate the remainder when 2739823 is divided by 1369883.
57
Calculate the remainder when 14166865 is divided by 4722284.
13
What is the remainder when 30570 is divided by 7087?
2222
What is the remainder when 485431 is divided by 678?
661
Calculate the remainder when 80674062 is divided by 184.
182
Calculate the remainder when 31736611 is divided by 157.
3
Calculate the remainder when 3241057 is divided by 1581.
7
What is the remainder when 204236763 is divided by 31?
21
What is the remainder when 6678914 is divided by 73?
71
What is the remainder when 882280006 is divided by 3501?
3499
Calculate the remainder when 230632 is divided by 65.
12
Calculate the remainder when 7166057 is divided by 311.
306
Calculate the remainder when 13222069 is divided by 94443.
49
Calculate the remainder when 460214 is divided by 229952.
310
Calculate the remainder when 461725 is divided by 456496.
5229
What is the remainder when 1332424 is divided by 6?
4
What is the remainder when 190452995 is divided by 33?
29
What is the remainder when 5898903 is divided by 4587?
21
Calculate the remainder when 3179525 is divided by 1589758.
9
Calculate the remainder when 86887911 is divided by 21721972.
23
Calculate the remainder when 18267565 is divided by 18267558.
7
What is the remainder when 200331 is divided by 2635?
71
What is the remainder when 458509 is divided by 7052?
129
Calculate the remainder when 733233 is divided by 244388.
69
Calculate the remainder when 10594472 is divided by 963133.
9
What is the remainder when 3262019 is divided by 683?
11
Calculate the remainder when 48720097 is divided by 43077.
10
What is the remainder when 353993117 is divided by 40?
37
What is the remainder when 37951085 is divided by 383?
381
What is the remainder when 511891 is divided by 511858?
33
Calculate the remainder when 832384 is divided by 13.
7
Calculate the remainder when 30165628 is divided by 51.
46
What is the remainder when 104967943 is divided by 12?
7
Calculate the remainder when 1273963 is divided by 1273891.
72
Calculate the remainder when 111529 is divided by 1763.
460
What is the remainder when 467852 is divided by 563?
562
Calculate the remainder when 58136 is divided by 1964.
1180
What is the remainder when 2340695 is divided by 546?
539
Calculate the remainder when 134636 is divided by 988.
268
What is the remainder when 178958 is divided by 739?
120
What is the remainder when 15099597 is divided by 2363?
27
What is the remainder when 92645 is divided by 6163?
200
What is the remainder when 1147979 is divided by 1780?
1659
Calculate the remainder when 27318788 is divided by 4538.
28
Calculate the remainder when 27211929 is divided by 566914.
57
What is the remainder when 20582591 is divided by 28234?
5
What is the remainder when 1069627 is divided by 157?
143
What is the remainder when 248868911 is divided by 890?
881
Calculate the remainder when 295283 is divided by 339.
14
What is the remainder when 153785 is divided by 4645?
500
What is the remainder when 89112 is divided by 17413?
2047
Calculate the remainder when 1970567 is divided by 11.
5
What is the remainder when 1006659 is divided by 5326?
45
Calculate the remainder when 1595493 is divided by 199436.
5
What is the remainder when 242466 is divided by 85?
46
What is the remainder when 120658318 is divided by 30164575?
18
Calculate the remainder when 4232112 is divided by 423.
420
What is the remainder when 8042542 is divided by 1365?
1327
What is the remainder when 32586 is divided by 3608?
114
Calculate the remainder when 87083939 is divided by 148.
147
Calculate the remainder when 9101523 is divided by 10378.
17
Calculate the remainder when 19488698 is divided by 10.
8
What is the remainder when 6053971 is divided by 24?
19
Calculate the remainder when 377943 is divided by 75575.
68
What is the remainder when 6463900 is divided by 1615965?
40
What is the remainder when 173911 is divided by 2436?
955
Calculate the remainder when 474679 is divided by 769.
206
Calculate the remainder when 642789 is divided by 8805.
24
What is the remainder when 52884 is divided by 5264?
244
What is the remainder when 2883923 is divided by 82397?
28
What is the remainder when 132663 is divided by 42463?
5274
What is the remainder when 3254887 is divided by 117?
64
Calculate the remainder when 364055 is divided by 334.
329
Calculate the remainder when 2064022 is divided by 3000.
22
Calculate the remainder when 10287744 is divided by 435.
429
What is the remainder when 10035069 is divided by 23893?
9
Calculate the remainder when 9990 is divided by 679.
484
Calculate the remainder when 997618 is divided by 57.
4
What is the remainder when 10095874 is divided by 279?
259
What is the remainder when 41418 is divided by 3207?
2934
What is the remainder when 10847447 is divided by 793?
0
Calculate the remainder when 855114 is divided by 356.
2
What is the remainder when 36118 is divided by 5658?
2170
Calculate the remainder when 1238100 is divided by 36.
24
What is the remainder when 4759522 is divided by 2379328?
866
Calculate the remainder when 1152167 is divi